{"id":1548,"date":"2023-08-29T09:37:07","date_gmt":"2023-08-29T06:37:07","guid":{"rendered":"https:\/\/projektit.gtk.fi\/setelit\/?page_id=1548"},"modified":"2023-09-07T14:03:52","modified_gmt":"2023-09-07T11:03:52","slug":"digitaalinen-reseptikirjasto-ja-tyokalu","status":"publish","type":"page","link":"https:\/\/projektit.gtk.fi\/setelit\/digitaalinen-reseptikirjasto-ja-tyokalu\/","title":{"rendered":"Digitaalinen reseptikirjasto ja -ty\u00f6kalu"},"content":{"rendered":"<div class=\"fusion-fullwidth fullwidth-box fusion-builder-row-1 fusion-flex-container has-pattern-background has-mask-background nonhundred-percent-fullwidth non-hundred-percent-height-scrolling\" style=\"--awb-border-radius-top-left:0px;--awb-border-radius-top-right:0px;--awb-border-radius-bottom-right:0px;--awb-border-radius-bottom-left:0px;--awb-flex-wrap:wrap;\" ><div class=\"fusion-builder-row fusion-row fusion-flex-align-items-flex-start fusion-flex-content-wrap\" style=\"max-width:1664px;margin-left: calc(-4% \/ 2 );margin-right: calc(-4% \/ 2 );\"><div class=\"fusion-layout-column fusion_builder_column fusion-builder-column-0 fusion_builder_column_1_2 1_2 fusion-flex-column\" style=\"--awb-bg-size:cover;--awb-width-large:50%;--awb-margin-top-large:0px;--awb-spacing-right-large:3.84%;--awb-margin-bottom-large:20px;--awb-spacing-left-large:3.84%;--awb-width-medium:50%;--awb-order-medium:0;--awb-spacing-right-medium:3.84%;--awb-spacing-left-medium:3.84%;--awb-width-small:100%;--awb-order-small:0;--awb-spacing-right-small:1.92%;--awb-spacing-left-small:1.92%;\"><div class=\"fusion-column-wrapper fusion-column-has-shadow fusion-flex-justify-content-flex-start fusion-content-layout-column\"><div class=\"fusion-title title fusion-title-1 fusion-sep-none fusion-title-text fusion-title-size-one\"><h1 class=\"fusion-title-heading title-heading-left fusion-responsive-typography-calculated\" style=\"margin:0;--fontSize:38;line-height:1.26;\"><h1>Digitaalinen reseptikirjasto ja -ty\u00f6kalu<\/h1><\/h1><\/div><div class=\"fusion-text fusion-text-1\"><p>Kove-Pro ja SETELIT projekteissa tuotetulle datalle luodaan uusi digitaalinen konsepti tietojen s\u00e4ilytt\u00e4misen, arvioimisen ja hy\u00f6dynt\u00e4misen edist\u00e4miseksi. Teht\u00e4v\u00e4ss\u00e4 sovelletaan olemassa olevaa tarkoitukseen sopivaa ohjelmistoa kuten eLabFTW:t\u00e4, josta voidaan modifioida projektin tarpeiden mukainen tietokanta.<\/p>\n<\/div><div class=\"fusion-separator fusion-full-width-sep\" style=\"align-self: center;margin-left: auto;margin-right: auto;margin-top:50px;width:100%;\"><\/div><div class=\"fusion-title title fusion-title-2 fusion-sep-none fusion-title-text fusion-title-size-one\"><h1 class=\"fusion-title-heading title-heading-left fusion-responsive-typography-calculated\" style=\"margin:0;--fontSize:38;line-height:1.26;\"><h2>SOM-menetelm\u00e4n hy\u00f6dynt\u00e4minen<\/h2><\/h1><\/div><div class=\"fusion-text fusion-text-2\"><p>Kokonaisuudesta louhitaan tietoa SOM menetelm\u00e4n (Self Organizing Map) avulla, k\u00e4ytt\u00e4en kaikkia parametreja, jotka liittyv\u00e4t l\u00e4ht\u00f6aineiden ja lopputuotteiden karakterisointiin sek\u00e4 valmistusprosessiin. Tavoitteena on selvitt\u00e4\u00e4 syy-seuraussuhteita erityyppisten sideaineiden, vesien ja rikastushiekkojen yhteisreaktioista ja niiden vaikutuksesta lopputuotteen ominaisuuksiin.<\/p>\n<\/div><\/div><\/div><div class=\"fusion-layout-column fusion_builder_column fusion-builder-column-1 fusion_builder_column_1_2 1_2 fusion-flex-column\" style=\"--awb-bg-size:cover;--awb-width-large:50%;--awb-margin-top-large:0px;--awb-spacing-right-large:3.84%;--awb-margin-bottom-large:20px;--awb-spacing-left-large:3.84%;--awb-width-medium:50%;--awb-order-medium:0;--awb-spacing-right-medium:3.84%;--awb-spacing-left-medium:3.84%;--awb-width-small:100%;--awb-order-small:0;--awb-spacing-right-small:1.92%;--awb-spacing-left-small:1.92%;\"><div class=\"fusion-column-wrapper fusion-column-has-shadow fusion-flex-justify-content-flex-start fusion-content-layout-column\"><div class=\"fusion-image-element \" style=\"--awb-caption-title-font-family:var(--h2_typography-font-family);--awb-caption-title-font-weight:var(--h2_typography-font-weight);--awb-caption-title-font-style:var(--h2_typography-font-style);--awb-caption-title-size:var(--h2_typography-font-size);--awb-caption-title-transform:var(--h2_typography-text-transform);--awb-caption-title-line-height:var(--h2_typography-line-height);--awb-caption-title-letter-spacing:var(--h2_typography-letter-spacing);\"><span class=\" fusion-imageframe imageframe-none imageframe-1 hover-type-none\"><img decoding=\"async\" width=\"1200\" height=\"1115\" src=\"https:\/\/projektit.gtk.fi\/setelit\/wp-content\/uploads\/sites\/26\/2023\/09\/Reseptityokalu_.jpg\" alt class=\"img-responsive wp-image-1637\" srcset=\"https:\/\/projektit.gtk.fi\/setelit\/wp-content\/uploads\/sites\/26\/2023\/09\/Reseptityokalu_-200x186.jpg 200w, https:\/\/projektit.gtk.fi\/setelit\/wp-content\/uploads\/sites\/26\/2023\/09\/Reseptityokalu_-400x372.jpg 400w, https:\/\/projektit.gtk.fi\/setelit\/wp-content\/uploads\/sites\/26\/2023\/09\/Reseptityokalu_-600x558.jpg 600w, https:\/\/projektit.gtk.fi\/setelit\/wp-content\/uploads\/sites\/26\/2023\/09\/Reseptityokalu_-800x743.jpg 800w, https:\/\/projektit.gtk.fi\/setelit\/wp-content\/uploads\/sites\/26\/2023\/09\/Reseptityokalu_.jpg 1200w\" sizes=\"(max-width: 640px) 100vw, 800px\" \/><\/span><\/div><\/div><\/div><\/div><\/div>\n","protected":false},"excerpt":{"rendered":"","protected":false},"author":20,"featured_media":0,"parent":0,"menu_order":0,"comment_status":"closed","ping_status":"closed","template":"","meta":{"_acf_changed":false,"_relevanssi_hide_post":"","_relevanssi_hide_content":"","_relevanssi_pin_for_all":"","_relevanssi_pin_keywords":"","_relevanssi_unpin_keywords":"","_relevanssi_related_keywords":"","_relevanssi_related_include_ids":"","_relevanssi_related_exclude_ids":"","_relevanssi_related_no_append":"","_relevanssi_related_not_related":"","_relevanssi_related_posts":"","_relevanssi_noindex_reason":"","inline_featured_image":false,"footnotes":""},"class_list":["post-1548","page","type-page","status-publish","hentry"],"acf":[],"lang":false,"translations":[],"_links":{"self":[{"href":"https:\/\/projektit.gtk.fi\/setelit\/wp-json\/wp\/v2\/pages\/1548","targetHints":{"allow":["GET"]}}],"collection":[{"href":"https:\/\/projektit.gtk.fi\/setelit\/wp-json\/wp\/v2\/pages"}],"about":[{"href":"https:\/\/projektit.gtk.fi\/setelit\/wp-json\/wp\/v2\/types\/page"}],"author":[{"embeddable":true,"href":"https:\/\/projektit.gtk.fi\/setelit\/wp-json\/wp\/v2\/users\/20"}],"replies":[{"embeddable":true,"href":"https:\/\/projektit.gtk.fi\/setelit\/wp-json\/wp\/v2\/comments?post=1548"}],"version-history":[{"count":4,"href":"https:\/\/projektit.gtk.fi\/setelit\/wp-json\/wp\/v2\/pages\/1548\/revisions"}],"predecessor-version":[{"id":1639,"href":"https:\/\/projektit.gtk.fi\/setelit\/wp-json\/wp\/v2\/pages\/1548\/revisions\/1639"}],"wp:attachment":[{"href":"https:\/\/projektit.gtk.fi\/setelit\/wp-json\/wp\/v2\/media?parent=1548"}],"curies":[{"name":"wp","href":"https:\/\/api.w.org\/{rel}","templated":true}]}}