{"id":83,"date":"2021-01-03T19:57:25","date_gmt":"2021-01-03T19:57:25","guid":{"rendered":"https:\/\/projektit.gtk.fi\/minextarget\/?page_id=83"},"modified":"2023-12-14T08:56:25","modified_gmt":"2023-12-14T08:56:25","slug":"posters","status":"publish","type":"page","link":"https:\/\/projektit.gtk.fi\/minextarget\/downloads\/posters\/","title":{"rendered":"Posters"},"content":{"rendered":"<p>Poster by Kriszti\u00e1n Szentp\u00e9teri, Sara Rai\u010d, Paavo Nikkola, Hugh O\u2019Brien and Nick Cook:<br \/>\n<a href=\"http:\/\/projektit.gtk.fi\/minextarget\/wp-content\/uploads\/sites\/11\/2023\/10\/MXT-GTK-MTR_14Feb2023_Poster.pdf\">Advanced Mineral Exploration by heavy mineral trace element geochemistry<\/a><\/p>\n<p>Poster by Adam Piestrzy\u0144ski, Krzysztof Foltyn, Eligiusz Guga\u0142a, W\u0142adys\u0142aw Zygo,<br \/>\nGabriela A. Kozub-Budzy\u0144, Magdalena O\u017c\u00f3g, Jadwiga Pieczonka: <a href=\"http:\/\/projektit.gtk.fi\/minextarget\/wp-content\/uploads\/sites\/11\/2023\/12\/Adam_Piestrzynski_Magmatic_and_hydrothermal_deposits_related.pdf\">Primary cassiterite mineralization and its manifestation in the alluvial samples: Gierczyn-Przecznica case study in SW Poland<\/a><\/p>\n<p>Poster by Wladyslaw Zygo, Krzysztof Foltyn, Gabriela A. Kozub-Budzyn, Magdalena Oz6g,<br \/>\nJadwiga Pieczonka, Adam Piestrzynski, Paulina Skirak: <a href=\"http:\/\/projektit.gtk.fi\/minextarget\/wp-content\/uploads\/sites\/11\/2023\/12\/Wladyslaw_Zygo_Magmatic-and-hydrothermal-deposits-related.pdf\">New mineralogical data on polymetallic mineralization in the Gierczyn-Przecznica area, SW Poland<\/a><\/p>\n<p>Poster by Wladyslaw Zygo, Krzysztof Foltyn, Tonny Bernt Thomsen, Benjamin Dominguez Heredia, Adam Piestrzynski: <a href=\"http:\/\/projektit.gtk.fi\/minextarget\/wp-content\/uploads\/sites\/11\/2023\/12\/Zygo_SGA_2023.pdf\">Preliminary results of U-Pb dating and trace element analysis of cassiterites from the Western Sudetes, SW Poland<\/a><\/p>\n","protected":false},"excerpt":{"rendered":"<p>Poster by Kriszti\u00e1n Szentp\u00e9teri, Sara Rai\u010d, Paavo Nikkola, Hugh O\u2019Brien and Nick Cook: Advanced Mineral Exploration by heavy mineral trace element geochemistry Poster by Adam Piestrzy\u0144ski, Krzysztof Foltyn, Eligiusz Guga\u0142a, W\u0142adys\u0142aw Zygo, Gabriela A. Kozub-Budzy\u0144, Magdalena O\u017c\u00f3g, Jadwiga Pieczonka: Primary cassiterite mineralization and its manifestation in the alluvial samples: Gierczyn-Przecznica case study in SW Poland [&hellip;]<\/p>\n","protected":false},"author":17,"featured_media":0,"parent":23,"menu_order":0,"comment_status":"closed","ping_status":"closed","template":"","meta":{"_acf_changed":false,"_relevanssi_hide_post":"","_relevanssi_hide_content":"","_relevanssi_pin_for_all":"","_relevanssi_pin_keywords":"","_relevanssi_unpin_keywords":"","_relevanssi_related_keywords":"","_relevanssi_related_include_ids":"","_relevanssi_related_exclude_ids":"","_relevanssi_related_no_append":"","_relevanssi_related_not_related":"","_relevanssi_related_posts":"","_relevanssi_noindex_reason":"","inline_featured_image":false,"footnotes":""},"class_list":["post-83","page","type-page","status-publish","hentry"],"acf":[],"lang":false,"translations":[],"_links":{"self":[{"href":"https:\/\/projektit.gtk.fi\/minextarget\/wp-json\/wp\/v2\/pages\/83","targetHints":{"allow":["GET"]}}],"collection":[{"href":"https:\/\/projektit.gtk.fi\/minextarget\/wp-json\/wp\/v2\/pages"}],"about":[{"href":"https:\/\/projektit.gtk.fi\/minextarget\/wp-json\/wp\/v2\/types\/page"}],"author":[{"embeddable":true,"href":"https:\/\/projektit.gtk.fi\/minextarget\/wp-json\/wp\/v2\/users\/17"}],"replies":[{"embeddable":true,"href":"https:\/\/projektit.gtk.fi\/minextarget\/wp-json\/wp\/v2\/comments?post=83"}],"version-history":[{"count":5,"href":"https:\/\/projektit.gtk.fi\/minextarget\/wp-json\/wp\/v2\/pages\/83\/revisions"}],"predecessor-version":[{"id":514,"href":"https:\/\/projektit.gtk.fi\/minextarget\/wp-json\/wp\/v2\/pages\/83\/revisions\/514"}],"up":[{"embeddable":true,"href":"https:\/\/projektit.gtk.fi\/minextarget\/wp-json\/wp\/v2\/pages\/23"}],"wp:attachment":[{"href":"https:\/\/projektit.gtk.fi\/minextarget\/wp-json\/wp\/v2\/media?parent=83"}],"curies":[{"name":"wp","href":"https:\/\/api.w.org\/{rel}","templated":true}]}}